{"id":96,"date":"2026-03-15T10:34:16","date_gmt":"2026-03-15T09:34:16","guid":{"rendered":"http:\/\/atinvest.se\/?page_id=96"},"modified":"2026-03-28T12:58:22","modified_gmt":"2026-03-28T11:58:22","slug":"gratis-trading-kurs","status":"publish","type":"page","link":"http:\/\/atinvest.se\/index.php\/gratis-trading-kurs\/","title":{"rendered":"&#8220;Nyb\u00f6rjar&#8221; Forex Trading Kurs"},"content":{"rendered":"\n<h1 class=\"wp-block-heading has-text-align-center\">\"Nyb\u00f6rjar\" Forex Trading Kurs<\/h1>\n\n\n\n<div class=\"wp-block-columns alignfull has-background is-layout-flex wp-container-core-columns-is-layout-b815d019 wp-block-columns-is-layout-flex\" style=\"background-color:#4f4f4f;padding-right:var(--wp--preset--spacing--80);padding-left:var(--wp--preset--spacing--80)\">\n<div class=\"wp-block-column is-layout-flow wp-block-column-is-layout-flow\" style=\"padding-top:var(--wp--preset--spacing--60);padding-bottom:var(--wp--preset--spacing--60)\">\n<div class=\"wp-block-columns is-layout-flex wp-container-core-columns-is-layout-9d6595d7 wp-block-columns-is-layout-flex\">\n<div class=\"wp-block-column is-layout-flow wp-block-column-is-layout-flow\" style=\"border-width:1px;flex-basis:20%\"><\/div>\n\n\n\n<div class=\"wp-block-column has-background is-layout-flow wp-block-column-is-layout-flow\" style=\"background-color:#4f4f4f;padding-right:0;padding-left:0\">\n<div class=\"wp-block-columns is-layout-flex wp-container-core-columns-is-layout-9d6595d7 wp-block-columns-is-layout-flex\">\n<div class=\"wp-block-column is-vertically-aligned-center is-layout-flow wp-block-column-is-layout-flow\" style=\"border-width:1px;border-top-left-radius:60px;border-top-right-radius:60px;border-bottom-left-radius:60px;border-bottom-right-radius:60px\">\n<h5 class=\"wp-block-heading has-text-align-center has-neve-text-color-color has-text-color has-link-color wp-elements-53b72a1b3d037d8d430f2c2523734927\"><a href=\"http:\/\/atinvest.se\/index.php\/2026\/03\/19\/del-1-introduction-to-forex-trading\/\" data-type=\"post\" data-id=\"203\">Del 1<\/a><\/h5>\n\n\n\n<h5 class=\"wp-block-heading has-text-align-center has-neve-text-color-color has-text-color has-link-color wp-elements-72812615cf697358ccb32810245db684\"><a href=\"http:\/\/atinvest.se\/index.php\/2026\/03\/19\/introduction-to-forex-trading\/\" data-type=\"post\" data-id=\"203\">Introduction Till Forex Trading<\/a><\/h5>\n<\/div>\n<\/div>\n\n\n\n<div class=\"wp-block-columns is-layout-flex wp-container-core-columns-is-layout-9d6595d7 wp-block-columns-is-layout-flex\">\n<div class=\"wp-block-column is-layout-flow wp-block-column-is-layout-flow\" style=\"border-width:1px;border-top-left-radius:60px;border-top-right-radius:60px;border-bottom-left-radius:60px;border-bottom-right-radius:60px\">\n<h5 class=\"wp-block-heading has-text-align-center\"><a href=\"http:\/\/atinvest.se\/index.php\/2026\/03\/19\/del-2-forex-trading-terminologi\/\" data-type=\"post\" data-id=\"210\">Del 2<\/a><\/h5>\n\n\n\n<h5 class=\"wp-block-heading has-text-align-center\"><a href=\"http:\/\/atinvest.se\/index.php\/2026\/03\/19\/forex-trading-terminologi\/\" data-type=\"post\" data-id=\"210\">Forex Trading Terminologi<\/a><\/h5>\n<\/div>\n<\/div>\n\n\n\n<div class=\"wp-block-columns is-layout-flex wp-container-core-columns-is-layout-9d6595d7 wp-block-columns-is-layout-flex\">\n<div class=\"wp-block-column is-layout-flow wp-block-column-is-layout-flow\" style=\"border-width:1px;border-top-left-radius:60px;border-top-right-radius:60px;border-bottom-left-radius:60px;border-bottom-right-radius:60px\">\n<h5 class=\"wp-block-heading has-text-align-center has-neve-text-color-color has-text-color has-link-color wp-elements-105182e190f883fe11ce2acfd0e77812\"><a href=\"http:\/\/atinvest.se\/index.php\/2026\/03\/21\/del-3-lang-eller-kort-ordertyper-och-berakning-av-vinster-och-forluster\/\" data-type=\"post\" data-id=\"224\">Del 3<\/a><\/h5>\n\n\n\n<h5 class=\"wp-block-heading has-text-align-center\"><a href=\"http:\/\/atinvest.se\/index.php\/2026\/03\/21\/del-3-lang-eller-kort-ordertyper-och-berakning-av-vinster-och-forluster\/\" data-type=\"post\" data-id=\"224\">L\u00e5ng eller Kort? Ordertyper Och Ber\u00e4kning Av Vinster Och F\u00f6rluster<\/a><\/h5>\n<\/div>\n<\/div>\n\n\n\n<div class=\"wp-block-columns is-layout-flex wp-container-core-columns-is-layout-9d6595d7 wp-block-columns-is-layout-flex\">\n<div class=\"wp-block-column is-layout-flow wp-block-column-is-layout-flow\" style=\"border-width:1px;border-top-left-radius:60px;border-top-right-radius:60px;border-bottom-left-radius:60px;border-bottom-right-radius:60px\">\n<h5 class=\"wp-block-heading has-text-align-center\"><a href=\"http:\/\/atinvest.se\/index.php\/2026\/03\/28\/del-4-vad-ar-professionell-forex-trading\/\" data-type=\"post\" data-id=\"231\">Del 4<\/a><\/h5>\n\n\n\n<h5 class=\"wp-block-heading has-text-align-center\"><a href=\"http:\/\/atinvest.se\/index.php\/2026\/03\/28\/del-4-vad-ar-professionell-forex-trading\/\" data-type=\"post\" data-id=\"231\">Vad \u00e4r Professionell Forex Trading?<\/a><\/h5>\n<\/div>\n<\/div>\n\n\n\n<div class=\"wp-block-columns is-layout-flex wp-container-core-columns-is-layout-9d6595d7 wp-block-columns-is-layout-flex\">\n<div class=\"wp-block-column is-layout-flow wp-block-column-is-layout-flow\" style=\"border-width:1px;border-top-left-radius:60px;border-top-right-radius:60px;border-bottom-left-radius:60px;border-bottom-right-radius:60px\">\n<h5 class=\"wp-block-heading has-text-align-center\"><a href=\"http:\/\/atinvest.se\/index.php\/2026\/03\/28\/del-5-vad-ar-fundamental-analys\/\" data-type=\"post\" data-id=\"235\">Del 5<\/a><\/h5>\n\n\n\n<h5 class=\"wp-block-heading has-text-align-center\"><a href=\"http:\/\/atinvest.se\/index.php\/2026\/03\/28\/del-5-vad-ar-fundamental-analys\/\" data-type=\"post\" data-id=\"235\">Vad \u00e4r Fundamental Analys?<\/a><\/h5>\n<\/div>\n<\/div>\n\n\n\n<div class=\"wp-block-columns is-layout-flex wp-container-core-columns-is-layout-9d6595d7 wp-block-columns-is-layout-flex\">\n<div class=\"wp-block-column is-layout-flow wp-block-column-is-layout-flow\" style=\"border-width:1px;border-top-left-radius:60px;border-top-right-radius:60px;border-bottom-left-radius:60px;border-bottom-right-radius:60px\">\n<h5 class=\"wp-block-heading has-text-align-center\"><a href=\"http:\/\/atinvest.se\/index.php\/2026\/03\/28\/del-6-vad-ar-price-action-trading-analysis\/\" data-type=\"post\" data-id=\"239\">Del 6<\/a><\/h5>\n\n\n\n<h5 class=\"wp-block-heading has-text-align-center\"><a href=\"http:\/\/atinvest.se\/index.php\/2026\/03\/28\/del-6-vad-ar-price-action-trading-analysis\/\" data-type=\"post\" data-id=\"239\">Vad \u00e4r Price Action Trading Analysis?<\/a><\/h5>\n<\/div>\n<\/div>\n\n\n\n<div class=\"wp-block-columns is-layout-flex wp-container-core-columns-is-layout-9d6595d7 wp-block-columns-is-layout-flex\">\n<div class=\"wp-block-column is-layout-flow wp-block-column-is-layout-flow\" style=\"border-width:1px;border-top-left-radius:60px;border-top-right-radius:60px;border-bottom-left-radius:60px;border-bottom-right-radius:60px\">\n<h5 class=\"wp-block-heading has-text-align-center\"><a href=\"http:\/\/atinvest.se\/index.php\/2026\/03\/28\/del-7-introduction-to-forex-charting\/\" data-type=\"post\" data-id=\"249\">Del 7<\/a><\/h5>\n\n\n\n<h5 class=\"wp-block-heading has-text-align-center\"><a href=\"http:\/\/atinvest.se\/index.php\/2026\/03\/28\/del-7-introduction-to-forex-charting\/\" data-type=\"post\" data-id=\"249\">Introduction to Forex Charting<\/a><\/h5>\n<\/div>\n<\/div>\n\n\n\n<div class=\"wp-block-columns is-layout-flex wp-container-core-columns-is-layout-9d6595d7 wp-block-columns-is-layout-flex\">\n<div class=\"wp-block-column is-layout-flow wp-block-column-is-layout-flow\" style=\"border-width:1px;border-top-left-radius:60px;border-top-right-radius:60px;border-bottom-left-radius:60px;border-bottom-right-radius:60px\">\n<h5 class=\"wp-block-heading has-text-align-center\"><a href=\"http:\/\/atinvest.se\/index.php\/2026\/03\/28\/del-8-vad-ar-en-forex-trading-strategi\/\" data-type=\"post\" data-id=\"251\">Del 8<\/a><\/h5>\n\n\n\n<h5 class=\"wp-block-heading has-text-align-center\"><a href=\"http:\/\/atinvest.se\/index.php\/2026\/03\/28\/del-8-vad-ar-en-forex-trading-strategi\/\" data-type=\"post\" data-id=\"251\">Vad \u00e4r en Forex Trading Strategi?<\/a><\/h5>\n<\/div>\n<\/div>\n\n\n\n<div class=\"wp-block-columns is-layout-flex wp-container-core-columns-is-layout-9d6595d7 wp-block-columns-is-layout-flex\">\n<div class=\"wp-block-column is-layout-flow wp-block-column-is-layout-flow\" style=\"border-width:1px;border-top-left-radius:60px;border-top-right-radius:60px;border-bottom-left-radius:60px;border-bottom-right-radius:60px\">\n<h5 class=\"wp-block-heading has-text-align-center\"><a href=\"http:\/\/atinvest.se\/index.php\/2026\/03\/28\/del-9-vanliga-forex-trading-misstag-och-fallor\/\" data-type=\"post\" data-id=\"253\">Del 9<\/a><\/h5>\n\n\n\n<h5 class=\"wp-block-heading has-text-align-center\"><a href=\"http:\/\/atinvest.se\/index.php\/2026\/03\/28\/del-9-vanliga-forex-trading-misstag-och-fallor\/\" data-type=\"post\" data-id=\"253\">Vanliga Forex Trading misstag och f\u00e4llor<\/a><\/h5>\n<\/div>\n<\/div>\n\n\n\n<div class=\"wp-block-columns is-layout-flex wp-container-core-columns-is-layout-9d6595d7 wp-block-columns-is-layout-flex\">\n<div class=\"wp-block-column is-layout-flow wp-block-column-is-layout-flow\" style=\"border-width:1px;border-top-left-radius:60px;border-top-right-radius:60px;border-bottom-left-radius:60px;border-bottom-right-radius:60px\">\n<h5 class=\"wp-block-heading has-text-align-center\"><a href=\"http:\/\/atinvest.se\/index.php\/2026\/03\/28\/del-10-vad-ar-teknisk-analys\/\" data-type=\"post\" data-id=\"255\">Del 10<\/a><\/h5>\n\n\n\n<h5 class=\"wp-block-heading has-text-align-center\"><a href=\"http:\/\/atinvest.se\/index.php\/2026\/03\/28\/del-10-vad-ar-teknisk-analys\/\" data-type=\"post\" data-id=\"255\">Vad \u00e4r Teknisk Analys<\/a><\/h5>\n<\/div>\n<\/div>\n\n\n\n<div class=\"wp-block-columns is-layout-flex wp-container-core-columns-is-layout-9d6595d7 wp-block-columns-is-layout-flex\">\n<div class=\"wp-block-column is-layout-flow wp-block-column-is-layout-flow\" style=\"border-width:1px;border-top-left-radius:60px;border-top-right-radius:60px;border-bottom-left-radius:60px;border-bottom-right-radius:60px\">\n<h5 class=\"wp-block-heading has-text-align-center\"><a href=\"http:\/\/atinvest.se\/index.php\/2026\/03\/28\/del-11-hur-man-gor-en-forex-trading-plan\/\" data-type=\"post\" data-id=\"257\">Del 11<\/a><\/h5>\n\n\n\n<h5 class=\"wp-block-heading has-text-align-center\"><a href=\"http:\/\/atinvest.se\/index.php\/2026\/03\/28\/del-11-hur-man-gor-en-forex-trading-plan\/\" data-type=\"post\" data-id=\"257\">Hur Man G\u00f6r en Forex Trading Plan<\/a><\/h5>\n<\/div>\n<\/div>\n\n\n\n<div class=\"wp-block-columns is-layout-flex wp-container-core-columns-is-layout-9d6595d7 wp-block-columns-is-layout-flex\">\n<div class=\"wp-block-column is-layout-flow wp-block-column-is-layout-flow\" style=\"border-width:1px;border-top-left-radius:60px;border-top-right-radius:60px;border-bottom-left-radius:60px;border-bottom-right-radius:60px\">\n<h5 class=\"wp-block-heading has-text-align-center\"><a href=\"http:\/\/atinvest.se\/index.php\/2026\/03\/28\/del-12-forex-trading-psykologi\/\" data-type=\"post\" data-id=\"259\">Del 12<\/a><\/h5>\n\n\n\n<h5 class=\"wp-block-heading has-text-align-center\"><a href=\"http:\/\/atinvest.se\/index.php\/2026\/03\/28\/del-12-forex-trading-psykologi\/\" data-type=\"post\" data-id=\"259\">Forex Trading Psykologi<\/a><\/h5>\n<\/div>\n<\/div>\n\n\n\n<div class=\"wp-block-columns is-layout-flex wp-container-core-columns-is-layout-9d6595d7 wp-block-columns-is-layout-flex\">\n<div class=\"wp-block-column is-layout-flow wp-block-column-is-layout-flow\" style=\"border-width:1px;border-top-left-radius:60px;border-top-right-radius:60px;border-bottom-left-radius:60px;border-bottom-right-radius:60px\">\n<h5 class=\"wp-block-heading has-text-align-center\"><a href=\"http:\/\/atinvest.se\/index.php\/2026\/03\/28\/del-13-professional-price-action-forex-trading-strategies\/\" data-type=\"post\" data-id=\"261\">Del 13<\/a><\/h5>\n\n\n\n<h5 class=\"wp-block-heading has-text-align-center has-neve-text-color-color has-text-color\"><a href=\"http:\/\/atinvest.se\/index.php\/2026\/03\/28\/del-13-professional-price-action-forex-trading-strategies\/\" data-type=\"post\" data-id=\"261\">Professional Price Action Forex Trading Strategies<\/a><\/h5>\n<\/div>\n<\/div>\n<\/div>\n\n\n\n<div class=\"wp-block-column is-layout-flow wp-block-column-is-layout-flow\" style=\"border-width:1px;flex-basis:20%\"><\/div>\n<\/div>\n<\/div>\n<\/div>\n\n\n\n<p><\/p>\n","protected":false},"excerpt":{"rendered":"<p>&#8220;Nyb\u00f6rjar&#8221; Forex Trading Kurs Del 1 Introduction Till Forex Trading Del 2 Forex Trading Terminologi Del 3 L\u00e5ng eller Kort? Ordertyper Och Ber\u00e4kning Av Vinster Och F\u00f6rluster Del 4 Vad \u00e4r Professionell Forex Trading? Del 5 Vad \u00e4r Fundamental Analys? Del 6 Vad \u00e4r Price Action Trading Analysis? Del 7 Introduction to Forex Charting Del&hellip;&nbsp;<\/p>\n","protected":false},"author":1,"featured_media":0,"parent":0,"menu_order":0,"comment_status":"closed","ping_status":"closed","template":"","meta":{"neve_meta_sidebar":"","neve_meta_container":"","neve_meta_enable_content_width":"","neve_meta_content_width":0,"neve_meta_title_alignment":"","neve_meta_author_avatar":"","neve_post_elements_order":"","neve_meta_disable_header":"","neve_meta_disable_footer":"","neve_meta_disable_title":"","footnotes":""},"class_list":["post-96","page","type-page","status-publish","hentry"],"_links":{"self":[{"href":"http:\/\/atinvest.se\/index.php\/wp-json\/wp\/v2\/pages\/96","targetHints":{"allow":["GET"]}}],"collection":[{"href":"http:\/\/atinvest.se\/index.php\/wp-json\/wp\/v2\/pages"}],"about":[{"href":"http:\/\/atinvest.se\/index.php\/wp-json\/wp\/v2\/types\/page"}],"author":[{"embeddable":true,"href":"http:\/\/atinvest.se\/index.php\/wp-json\/wp\/v2\/users\/1"}],"replies":[{"embeddable":true,"href":"http:\/\/atinvest.se\/index.php\/wp-json\/wp\/v2\/comments?post=96"}],"version-history":[{"count":51,"href":"http:\/\/atinvest.se\/index.php\/wp-json\/wp\/v2\/pages\/96\/revisions"}],"predecessor-version":[{"id":268,"href":"http:\/\/atinvest.se\/index.php\/wp-json\/wp\/v2\/pages\/96\/revisions\/268"}],"wp:attachment":[{"href":"http:\/\/atinvest.se\/index.php\/wp-json\/wp\/v2\/media?parent=96"}],"curies":[{"name":"wp","href":"https:\/\/api.w.org\/{rel}","templated":true}]}}